7
Let p be 5/(50/252) + 188/235. Calculate the highest common divisor of p and 26.
26
Let c be -6 - (-3 + 3) - 2. Let d be (-175)/c + 3/24. Suppose 5*j - 65 = -10. Calculate the greatest common divisor of j and d.
11
Suppose -3*t + 26 = 8. Suppose -2*b = -n - 260, -2*n = n - 12. Calculate the highest common divisor of b and t.
6
Let i be (356/(-8) + -2)*8/(-6). Suppose -i = -2*b - 2*u - 10, 5*b - 3*u = 114. Calculate the highest common factor of 6 and b.
6
Let d = 1749 - 1605. What is the highest common divisor of 192 and d?
48
Let z = 147 + -135. What is the greatest common divisor of z and 60?
12
Suppose 4*f - 3*f + 4 = 0, 3*k - 5*f - 191 = 0. Let h = 90 + -52. What is the highest common factor of h and k?
19
Let j be ((-16)/(-10) - 1)*2000/60. Let a = 550 + -310. Calculate the greatest common divisor of a and j.
20
Let h(y) = -y**3 - 7*y**2 - 2*y + 16. Let x = -71 + 64. Let t be h(x). Calculate the greatest common divisor of 270 and t.
30
Let y be 1/7 + (-4 - (-624)/42). Suppose -7*p - 2*a - 7 = -2*p, 7 = -4*p - 3*a. Let b = y + p. What is the highest common divisor of b and 10?
10
Let g(x) = -5*x**2 + 10*x - 20. Let w be g(6). Let v = -110 - w. Suppose 2*a + 7 = 31. Calculate the highest common factor of v and a.
6
Suppose y - 80 = -4*y. Let x(f) = f**3 - 15*f**2 + f - 14. Let i be x(15). Let k be 5 - (0/4 + i). Calculate the greatest common divisor of y and k.
4
Suppose -2*o + 158 = -y - 0*o, 3*o + 643 = -4*y. Let w be 24/(-36) - y/6. Suppose 5*r - 34 - w = 0. What is the greatest common factor of 60 and r?
12
Suppose x = -3*i + 34, -9*i - 3*x = -4*i - 50. What is the greatest common divisor of 39 and i?
13
Let p(o) = -8*o**2 - 8*o + 6. Let x(r) = r**2 + r. Let s(f) = -p(f) - 5*x(f). Let j be s(-4). Calculate the greatest common factor of 10 and j.
10
Let r(a) = -4*a + 3. Let s be r(3). Let q(k) = -k**3 - 7*k**2 - 5*k. Let i be q(s). What is the greatest common factor of i and 23?
23
Let g(i) = -63*i**3 - i**2 - 2*i - 1. Let w be g(-1). Suppose w = -2*m + 9*m. What is the greatest common divisor of m and 27?
9
Suppose 9*y + 38 = 12*y + r, 0 = 5*y - 4*r - 86. Calculate the greatest common divisor of y and 4382.
14
Let n = 1322 - 1304. Calculate the greatest common factor of n and 1062.
18
Let g = 721 - 514. Let v be 0 - 2 - (-32 - -7). Calculate the greatest common divisor of g and v.
23
Let u = -9 + 11. Let i = u + 34. Let a(t) = 2*t**2 + 16*t - 6. Let g be a(-12). Calculate the highest common divisor of i and g.
18
Suppose 38 = -4*d + 3*k + 14, -4*k = 3*d + 43. Let z be -3*((-210)/d)/(-5). Let f(a) = 5*a - 6. Let v be f(4). Calculate the greatest common divisor of v and z.
14
Let u = -2 - -16. Suppose 39*t = -112 + 1477. Calculate the greatest common factor of t and u.
7
Suppose -5*f + 287 + 63 = 0. Let v(z) = z**2 - 8*z + 2. Let a(l) = 1. Let r(i) = 5*a(i) - v(i). Let m be r(7). What is the greatest common divisor of m and f?
10
Let q be (-46)/(-391) + (-5574)/(-17). What is the highest common divisor of 8 and q?
8
Let b(h) = -h**3 + 4*h**2 + 4*h - 1. Let y be b(4). Let c be 3*(-5)/y + 4. Let t be (-4 + 0)*18/(-8). What is the highest common factor of t and c?
3
Let m(c) = -c**3 + 20*c**2 - 18*c - 12. Let f be m(19). Calculate the greatest common divisor of 63 and f.
7
Let n(g) be the first derivative of -3*g**2 + 10*g - 10. Let j be n(-5). What is the highest common divisor of j and 5?
5
Let g be 195/169 - 2/13. Let t(s) = 5*s**2 + 3*s - 3. Let d be t(g). Suppose d*j = i + 19 + 74, 3*i + 99 = 5*j. What is the highest common factor of j and 2?
2
Suppose -275 = -4*c + 5*k - 60, -3 = -3*k. What is the greatest common factor of c and 11?
11
Let u = 1 - -107. Calculate the highest common factor of 27 and u.
27
Let n(h) = 182*h + 30. Let t be n(3). What is the greatest common factor of t and 9?
9
Suppose -688*s = -677*s - 165. What is the greatest common divisor of s and 5?
5
Suppose 260 = 2*k + 2*k. Suppose 12*c = -653 + 185. Let l be c/12 - -3 - (-53)/4. What is the highest common divisor of l and k?
13
Let f be (-2)/(-7) - (-48)/28. Suppose 4*k = -2*j + 98, -5*j + 15 = -f*j. What is the greatest common divisor of 154 and k?
22
Let u = 121 - 97. What is the highest common divisor of 864 and u?
24
Let j(i) = 136*i**2 - 5*i + 5. Let m be j(2). Calculate the highest common factor of m and 28.
7
Suppose 17*y = 5*n + 20*y - 2397, 2404 = 5*n - 4*y. What is the highest common factor of n and 32?
32
Let h = -1560 - -1683. What is the highest common divisor of 41 and h?
41
Suppose 2*r - 20 = -2*r. Let u(a) = 6*a. Let z be u(6). Suppose -3*c = -201 + z. Calculate the greatest common divisor of c and r.
5
Let u be (-14 + 8)/(-10 + 0)*30. What is the greatest common factor of u and 63?
9
Suppose -l + 4*l = 5*g + 95, 31 = l - g. Let k be l/(-20) + 13/2. Suppose h - 64 = -z - 5, -3*z = -12. What is the greatest common factor of h and k?
5
Let n be 98 + -9 - 0 - -1. Calculate the greatest common divisor of 72 and n.
18
Suppose -3*f + 179 = -31. Let x be 4*21*((-12)/16 - -2). What is the greatest common factor of x and f?
35
Suppose 5*x - 172 = -4*f, 4 = 2*x - 3*x. Suppose -9*d + 9 = -6*d. Let j be 33 - 1/3*d. What is the highest common divisor of j and f?
16
Let u(n) = -n**2 + n + 1. Let v(a) = a**2 + 9*a - 4. Let h(j) = -2*u(j) + v(j). Let c = 12 - 18. Let o be h(c). What is the highest common factor of 24 and o?
12
Let f be 6/(-2) - 15*(-10)/15. Let w(j) = 6*j + 42. Let y be w(f). Calculate the greatest common factor of 28 and y.
28
Let r(w) = -w**3 - 7*w**2 - 9*w - 7. Let v be r(-6). Let x = v - 9. Let i be (4 + (0 - x))*23. What is the greatest common divisor of 23 and i?
23
Let z = -2 - -3. Suppose 4*x + 20 = 8*x. Suppose 0 = -3*w - x*p - 9 + 32, w - 4*p = -15. What is the highest common factor of z and w?
1
Suppose -3*r + 6*n - 2*n + 80 = 0, 5*n = -4*r + 117. Calculate the highest common divisor of r and 602.
14
Suppose 4*w - 1 = 3. Let q = w + 3. Let r(x) = x**2 + x + 44. Let p be r(0). Calculate the highest common factor of p and q.
4
Suppose 1 = 2*x - 23. Let j be 54/10 - (-6)/(-15). Let p = j + x. Calculate the highest common factor of p and 136.
17
Let k be 5/2*36/(-30). Let d be (-3)/k*-1 + -3. Let y = d + 20. What is the greatest common divisor of y and 64?
16
Let v = -132 - -135. Suppose 4*o - v*l - 358 - 310 = 0, -3*o - 2*l + 484 = 0. Calculate the greatest common factor of o and 41.
41
Suppose -2*n = -w + 2742, -3*n - 33 = -24. Calculate the greatest common factor of 144 and w.
144
Let m(k) = -k**2 + 20*k - 9. Let n be m(2). Suppose 0 = 3*r - 5*r + 8. Suppose 2*y + 18 = r*y. Calculate the highest common divisor of y and n.
9
Suppose 2*v = 2*a - 60, -v + 112 = 5*a - 44. Suppose -34*l - 449 + 1503 = 0. What is the greatest common factor of l and a?
31
Let o = -32 - -26. Let v(h) = -h**3 - 7*h**2 - 6*h + 5. Let p be v(o). Suppose -p*m - 16 = -46. Calculate the highest common factor of m and 6.
6
Let q(z) = z**2 - 12*z + 45. Let i be q(9). Let m(r) = -3*r - 3. Let l be m(-2). Suppose -54 = -0*h - l*h. Calculate the highest common factor of h and i.
18
Let o be 0 - -5 - 1616/(-24)*3. Calculate the highest common divisor of o and 9.
9
Suppose -4*l + 9 = 5*y - 0*y, -4*l = -2*y - 2. Let r be (20/30)/(y/(-3)) + 10. Calculate the highest common factor of r and 56.
8
Let s(p) = p**3 + 10*p**2 - 14*p - 20. Let c be s(-9). Let q = -2 - -19. What is the highest common factor of q and c?
17
Let d(f) = 8*f - 150. Let s be d(35). Calculate the highest common factor of 78 and s.
26
Suppose -20*f = 7*f - 108. Calculate the greatest common factor of f and 32.
4
Suppose -3*t + 14*k - 15*k + 48 = 0, -2*t + 32 = 2*k. What is the greatest common factor of 128 and t?
16
Let z(r) = r**2 - 6*r + 2. Let u be z(5). Let s be -8*(u/6 - 0). Suppose 3*k + 25 = -4*q + 85, k + s*q = 12. Calculate the greatest common factor of k and 16.
8
Suppose 3*y - 2*w = 3*w + 45, 4*w = -5*y + 38. Let t = y - 7. Suppose -o = -4*z - z + 28, 3*o = -t*z + 24. What is the greatest common factor of 30 and z?
6
Suppose c = -c - 8. Let y be -3 + 3 + c + 14. Calculate the highest common factor of y and 10.
10
Let f be ((-1248)/(-117))/(2/3). What is the highest common factor of 236 and f?
4
Let h = 35 - -10. What is the greatest common divisor of 117 and h?
9
Suppose 1 + 2 = a. Let t(j) = 